e the prime factors of 15513300?
2, 3, 5, 11, 1567
What are the prime factors of 169467637?
41, 1361, 3037
What are the prime factors of 1725350171?
1725350171
What are the prime factors of 49626281?
17, 83, 35171
What are the prime factors of 36939716?
2, 11, 839539
What are the prime factors of 9051151163?
19, 1229, 387613
What are the prime factors of 582172073?
7, 83167439
What are the prime factors of 47501931?
3, 15833977
What are the prime factors of 249193160?
2, 5, 6229829
List the prime factors of 1018471466.
2, 509235733
What are the prime factors of 15110797?
13, 89413
List the prime factors of 129738711.
3, 83, 521039
What are the prime factors of 43448943?
3, 73, 198397
List the prime factors of 41915136.
2, 3, 54577
List the prime factors of 373499745.
3, 5, 53, 469811
List the prime factors of 8209609277.
8209609277
List the prime factors of 3402501220.
2, 5, 193, 881477
List the prime factors of 67163925.
3, 5, 307, 2917
List the prime factors of 208224982.
2, 7, 1831, 8123
List the prime factors of 1732675804.
2, 433168951
List the prime factors of 23777192.
2, 2972149
List the prime factors of 39883771.
23, 373, 4649
What are the prime factors of 85152954?
2, 3, 107, 132637
What are the prime factors of 257099797?
257099797
What are the prime factors of 89218208?
2, 2788069
What are the prime factors of 76928087?
223, 344969
What are the prime factors of 36841844?
2, 13, 708497
List the prime factors of 5273865532.
2, 13, 61, 1662631
What are the prime factors of 1484162567?
41, 167, 216761
List the prime factors of 244821591.
3, 7, 23, 24137
List the prime factors of 321147107.
321147107
What are the prime factors of 4957537850?
2, 5, 53, 587, 3187
What are the prime factors of 96144540?
2, 3, 5, 61, 109, 241
List the prime factors of 35644450.
2, 5, 712889
List the prime factors of 14536416.
2, 3, 53, 2857
What are the prime factors of 1308913808?
2, 23, 43, 181, 457
What are the prime factors of 201666216?
2, 3, 43, 195413
List the prime factors of 275158182.
2, 3, 13, 59, 59791
List the prime factors of 2884639291.
41959, 68749
List the prime factors of 36054363.
3, 23, 53, 9859
List the prime factors of 206880822.
2, 3, 11493379
List the prime factors of 14248859.
83, 171673
What are the prime factors of 113195553?
3, 37731851
List the prime factors of 5621203822.
2, 13, 157, 1377071
List the prime factors of 1752676034.
2, 61, 839, 17123
List the prime factors of 1018657460.
2, 5, 1669, 30517
List the prime factors of 1920363511.
11, 174578501
What are the prime factors of 606482856?
2, 3, 7, 401113
List the prime factors of 78987664.
2, 7, 705247
List the prime factors of 1469969171.
11, 3169, 42169
What are the prime factors of 874126935?
3, 5, 11, 1765913
List the prime factors of 304853954.
2, 191, 197, 4051
What are the prime factors of 445511235?
3, 5, 13, 2284673
What are the prime factors of 3909323130?
2, 3, 5, 383, 340237
What are the prime factors of 15216317?
23, 317, 2087
List the prime factors of 431244351.
3, 15972013
List the prime factors of 145654579.
7, 20807797
List the prime factors of 359329470.
2, 3, 5, 59, 203011
List the prime factors of 319616074.
2, 41, 47, 127, 653
List the prime factors of 1174521787.
1174521787
What are the prime factors of 64093482?
2, 3, 1721, 2069
What are the prime factors of 79970980?
2, 5, 29, 173, 797
What are the prime factors of 110597310?
2, 3, 5, 241, 5099
What are the prime factors of 756907575?
3, 5, 17, 23, 53, 487
List the prime factors of 160129516.
2, 389, 102911
List the prime factors of 729017641.
11, 66274331
What are the prime factors of 772601453?
13, 113, 525937
What are the prime factors of 4071602065?
5, 10331, 78823
What are the prime factors of 1270317526?
2, 251, 2530513
List the prime factors of 1669255443.
3, 97, 619, 3089
List the prime factors of 38820536.
2, 4852567
List the prime factors of 10250083.
10250083
What are the prime factors of 1587921825?
3, 5, 7, 29, 104297
What are the prime factors of 878536802?
2, 11, 13, 1489, 2063
What are the prime factors of 3379850452?
2, 11, 4937, 15559
What are the prime factors of 950044120?
2, 5, 239, 99377
What are the prime factors of 1905229388?
2, 476307347
List the prime factors of 17998019.
13, 17, 81439
List the prime factors of 199296223.
7, 79, 360391
List the prime factors of 139682726.
2, 23, 73, 41597
List the prime factors of 55133003.
19, 152723
What are the prime factors of 4880778?
2, 3, 7, 79, 1471
List the prime factors of 19041602.
2, 557, 17093
List the prime factors of 5288524349.
2879, 1836931
List the prime factors of 186552039.
3, 37, 107, 113, 139
List the prime factors of 112938002.
2, 6829, 8269
List the prime factors of 260112571.
29, 211, 42509
What are the prime factors of 503208686?
2, 251604343
What are the prime factors of 2458463041?
17, 144615473
List the prime factors of 488385730.
2, 5, 7, 6976939
What are the prime factors of 83162086?
2, 7, 43, 138143
What are the prime factors of 23067743?
3631, 6353
What are the prime factors of 123562513?
1523, 81131
List the prime factors of 687564099.
3, 17, 1497961
What are the prime factors of 262611964?
2, 65652991
What are the prime factors of 1502788167?
3, 55658821
What are the prime factors of 737178281?
7, 643, 163781
List the prime factors of 102709325.
5, 17, 67, 3607
What are the prime factors of 161525598?
2, 3, 13, 59, 35099
What are the prime factors of 18762802?
2, 23, 89, 4583
List the prime factors of 55555686.
2, 3, 1028809
List the prime factors of 1043283537.
3, 127, 304253
What are the prime factors of 69890843?
11, 6353713
List the prime factors of 2809669928.
2, 13, 27016057
List the prime factors of 2925856773.
3, 7, 46442171
What are the prime factors of 123961372?
2, 47, 773, 853
List the prime factors of 1006909952.
2, 47, 41843
What are the prime factors of 32470169?
29, 38609
List the prime factors of 94649938.
2, 823, 57503
What are the prime factors of 599055814?
2, 7, 42789701
List the prime factors of 345245690.
2, 5, 17, 127, 15991
What are the prime factors of 681730481?
17, 229, 10301
List the prime factors of 255556602.
2, 3, 7, 2028227
What are the prime factors of 1308685319?
83, 509, 30977
What are the prime factors of 3175382680?
2, 5, 193, 239, 1721
What are the prime factors of 18779806?
2, 1109, 8467
List the prime factors of 68731110.
2, 3, 5, 7, 109097
What are the prime factors of 437270388?
2, 3, 23, 587, 2699
What are the prime factors of 954586425?
3, 5, 13, 979063
What are the prime factors of 2935710333?
3, 53, 6154529
List the prime factors of 1678336807.
7, 29, 31, 167, 1597
List the prime factors of 37495627.
13, 2884279
What are the prime factors of 919082345?
5, 19, 9674551
List the prime factors of 491732363.
67, 311, 23599
What are the prime factors of 1175721339?
3, 13, 223, 10399
What are the prime factors of 1116516534?
2, 3, 7, 26583727
List the prime factors of 1274916900.
2, 3, 5, 4249723
List the prime factors of 672573861.
3, 31, 61, 4391
List the prime factors of 685578165.
3, 5, 45705211
What are the prime factors of 826775676?
2, 3, 541, 42451
List the prime factors of 714034532.
2, 31, 185753
List the prime factors of 37867970.
2, 5, 7, 53, 59, 173
What are the prime factors of 7023941165?
5, 4787, 293459
List the prime factors of 45163833.
3, 11, 13, 105277
What are the prime factors of 1255259267?
1255259267
List the prime factors of 1717450802.
2, 23, 37335887
What are the prime factors of 34782946?
2, 11, 23, 53, 1297
List the prime factors of 1542016663.
11, 31, 97, 46619
List the prime factors of 2659286681.
37, 4111, 17483
List the prime factors of 93755697.
3, 7, 17, 262621
What are the prime factors of 4142323526?
2, 11, 188287433
What are the prime factors of 190218930?
2, 3, 5, 11, 576421
List the prime factors of 58596204.
2, 3, 59, 82763
List the prime factors of 70270986.
2, 3, 31, 377801
List the prime factors of 43717101.
3, 113, 128959
What are the prime factors of 2036322087?
3, 29, 251, 93251
What are the prime factors of 34329089?
419, 81931
List the prime factors of 37675363.
11, 3425033
What are the prime factors of 2079234270?
2, 3, 5, 23, 1004461
List the prime factors of 244492501.
11, 22226591
What are the prime factors o